 of 147?
True
Is 133 a factor of 48788124?
True
Does 2821 divide 1350474762?
True
Does 2072 divide 1153071230?
False
Is 17374580 a multiple of 38?
False
Is 2141 a factor of 182662796?
False
Is 118519766 a multiple of 82?
True
Is 970366255 a multiple of 29?
False
Is 132924939 a multiple of 17?
False
Is 265621573 a multiple of 179?
False
Does 4 divide 14521206?
False
Is 2831 a factor of 61936618?
True
Is 66 a factor of 207627618?
True
Does 215 divide 114975335?
True
Does 463 divide 93564429?
True
Is 464889512 a multiple of 41?
False
Is 7691010 a multiple of 15?
True
Does 6 divide 206585767?
False
Is 396 a factor of 749612556?
True
Does 5 divide 405603133?
False
Does 581 divide 25408873?
True
Is 467 a factor of 2202334640?
True
Does 1677 divide 1026790753?
False
Is 110836289 a multiple of 19?
False
Does 24 divide 148317001?
False
Is 55794135 a multiple of 1315?
True
Is 1087488434 a multiple of 398?
True
Is 7531096 a multiple of 112?
False
Does 1011 divide 65509259?
False
Is 84118779 a multiple of 9?
True
Does 12 divide 88308384?
True
Is 2528205 a multiple of 2?
False
Does 24 divide 40705944?
True
Does 347 divide 81709825?
True
Does 1572 divide 3316107276?
True
Is 317686446 a multiple of 417?
True
Is 113 a factor of 123706514?
False
Does 1780 divide 11461690?
False
Does 1907 divide 202592052?
True
Is 45087210 a multiple of 210?
True
Is 1339438074 a multiple of 138?
True
Does 24 divide 2392921440?
True
Does 316 divide 29586764?
True
Is 42210718 a multiple of 719?
False
Is 102 a factor of 35768943?
False
Is 335144355 a multiple of 31?
False
Is 25 a factor of 982692808?
False
Does 100 divide 655737338?
False
Is 12 a factor of 5478688?
False
Is 11431334 a multiple of 47?
False
Is 1905129569 a multiple of 32?
False
Is 6008514 a multiple of 11?
False
Does 9 divide 10969794?
True
Does 1061 divide 131672431?
False
Is 300428 a multiple of 11?
False
Is 11 a factor of 96369845?
True
Is 3790 a factor of 231387080?
True
Does 234 divide 17367012?
True
Is 1249 a factor of 91287685?
False
Is 19 a factor of 117890474?
False
Is 89 a factor of 8485724?
False
Does 20 divide 189329200?
True
Is 18 a factor of 5009274?
True
Is 21117366 a multiple of 34?
True
Is 5158 a factor of 93205060?
True
Is 106204032 a multiple of 101?
False
Is 39 a factor of 49025028?
True
Does 147 divide 137083804?
False
Is 111 a factor of 674573529?
True
Does 23 divide 98632390?
False
Is 8098256686 a multiple of 26?
True
Is 7 a factor of 596862?
True
Is 346 a factor of 710464182?
False
Does 9 divide 160743456?
True
Is 9064353 a multiple of 3?
True
Does 573 divide 49274972?
False
Is 3 a factor of 65598745?
False
Is 18 a factor of 29972885?
False
Does 39 divide 510476813?
False
Is 35646926 a multiple of 237?
False
Is 30 a factor of 13735313?
False
Does 158 divide 336367963?
False
Does 183 divide 573318321?
True
Is 83125990 a multiple of 676?
False
Is 3728640524 a multiple of 18?
False
Is 854055 a multiple of 9?
True
Does 30 divide 562049850?
True
Is 146877938 a multiple of 62?
True
Is 34249236 a multiple of 588?
True
Does 23 divide 13564868?
False
Is 639557100 a multiple of 1638?
True
Is 7616 a factor of 657588288?
True
Is 635 a factor of 241515563?
False
Is 164654240 a multiple of 4646?
True
Is 41548804 a multiple of 42?
False
Does 19 divide 19128598?
False
Is 193952919 a multiple of 7?
False
Is 1184 a factor of 458390878?
False
Is 12 a factor of 38999916?
True
Is 12 a factor of 40867824?
True
Is 3787379 a multiple of 68?
False
Is 39713091 a multiple of 5?
False
Is 9 a factor of 28393179?
False
Is 14 a factor of 252117951?
False
Does 3 divide 215359638?
True
Is 69 a factor of 171458566?
False
Is 141978773 a multiple of 902?
False
Is 106522800 a multiple of 290?
True
Is 7 a factor of 262049858?
True
Is 1427 a factor of 3655590137?
True
Is 45730868 a multiple of 170?
False
Does 52 divide 29761264?
True
Is 135264118 a multiple of 22?
True
Does 488 divide 324777176?
True
Is 190 a factor of 22125320?
False
Is 79 a factor of 53906446?
False
Is 13 a factor of 173388173?
False
Is 3 a factor of 10113786?
True
Does 742 divide 393570588?
False
Is 68103646 a multiple of 23?
False
Does 344 divide 2553459048?
False
Is 69 a factor of 325653090?
True
Does 294 divide 135198924?
False
Is 343 a factor of 770260351?
True
Does 35 divide 3805993520?
True
Is 887972536 a multiple of 49?
False
Does 22 divide 111262182?
False
Does 285 divide 205055410?
False
Is 11 a factor of 3878523?
True
Does 178 divide 135209941?
False
Is 576487212 a multiple of 156?
False
Does 60 divide 1526602260?
True
Is 618 a factor of 19466333?
False
Is 2173384437 a multiple of 1993?
True
Is 163597336 a multiple of 508?
True
Is 1090806351 a multiple of 805?
False
Is 29 a factor of 559556925?
False
Is 10 a factor of 487192891?
False
Is 2806715427 a multiple of 790?
False
Does 584 divide 238181943?
False
Is 5229 a factor of 26252380?
False
Is 94 a factor of 165602620?
True
Is 629 a factor of 2004294?
False
Does 33 divide 80556168?
True
Does 104 divide 466123991?
False
Is 329 a factor of 65808530?
False
Is 553025959 a multiple of 111?
False
Is 4662 a factor of 182745738?
True
Is 99334800 a multiple of 656?
True
Is 24 a factor of 124906608?
True
Does 56 divide 1991895?
False
Does 101 divide 96873241?
True
Does 6 divide 6080238?
True
Does 978 divide 104246976?
True
Is 74942154 a multiple of 714?
True
Is 47 a factor of 9951587?
False
Is 5915451913 a multiple of 1303?
True
Does 643 divide 20500126?
True
Is 172027107 a multiple of 401?
False
Is 56132492 a multiple of 26?
True
Is 948112795 a multiple of 265?
False
Is 708 a factor of 74724335?
False
Does 921 divide 65508615?
False
Is 29695484 a multiple of 82?
False
Is 6636122 a multiple of 2?
True
Does 19 divide 210917853?
False
Is 431583 a multiple of 13?
False
Is 260 a factor of 1171138020?
True
Is 45 a factor of 2952045?
True
Is 5277848139 a multiple of 110?
False
Is 593 a factor of 6505210?
True
Does 320 divide 66035208?
False
Is 4784440 a multiple of 5?
True
Is 1410 a factor of 35095674?
False
Is 244 a factor of 524508012?
True
Does 752 divide 125362329?
False
Is 881 a factor of 6115769?
False
Is 19 a factor of 581654518?
False
Is 6882229 a multiple of 7?
False
Is 167955180 a multiple of 187?
False
Does 778 divide 4359365066?
True
Does 3 divide 6035386?
False
Does 14 divide 41850074?
True
Does 200 divide 10197655?
False
Is 382 a factor of 358396801?
False
Is 51 a factor of 335867941?
False
Is 216131487 a multiple of 3207?
False
Is 70556612 a multiple of 21?
False
Is 15788235 a multiple of 6?
False
Is 57 a factor of 312592503?
True
Is 51 a factor of 141234432?
False
Is 494364190 a multiple of 67?
True
Is 250 a factor of 31063332?
False
Is 132063281 a multiple of 3?
False
Does 18 divide 390717468?
True
Is 864904176 a multiple of 16?
True
Is 20 a factor of 23446489?
False
Is 1244 a factor of 117926224?
True
Is 1517 a factor of 3034926887?
True
Is 5023 a factor of 809843261?
False
Is 41 a factor of 195605243?
False
Is 1573 a factor of 481496873?
True
Does 14 divide 148428?
True
Is 84761966 a multiple of 1158?
False
Is 193 a factor of 124344609?
False
Is 314 a factor of 25612980?
True
Is 99 a factor of 735772653?
True
Is 104025942 a multiple of 18?
True
Does 1813 divide 382125992?
False
Is 1580 a factor of 29455910?
False
Is 930446487 a multiple of 9?
True
Does 14 divide 29693617?
False
Is 351765368 a multiple of 8?
True
Is 172586300 a multiple of 5?
True
Does 1574 divide 65620060?
True
Does 21 divide 223885578?
True
Does 16 divide 1149568?
True
Is 57 a factor of 112175544?
True
Is 14 a factor of 418237596?
True
Is 713249272 a multiple of 16?
False
Does 19 divide 43991870?
False
Is 57088160 a multiple of 608?
True
Is 45183612 a multiple of 2633?
False
Does 202 divide 313507434?
True
Is 3302055 a multiple of 29?
False
Is 1508150645 a multiple of 40?
False
Does 4693 divide 103203763?
True
Does 12 divide 2015690959?
False
Is 6 a factor of 14092405?
False
Is 127254336 a multiple of 48?
True
Is 10 a factor of 164126066?
False
Is 90 a factor of 66270330?
True
Is 73 a factor of 1995631265?
False
Is 243 a factor of 952874685?
True
Does 276 divide 831628572?
True
Is 3 a factor of 330619746?
True
Does 12 divide 971346477?
False
Is 913592 a multiple of 8?
True
Is 311 a factor of 180076464?
True
Is 65 a factor of